Give g(-158).
5
Let h(n) = -14906*n + 74619. Give h(5).
89
Let n(p) = -p**3 - 28*p**2 + 37*p + 174. Determine n(-28).
-862
Let i(p) = -3*p**2 - 125*p + 1556. Give i(-52).
-56
Let t(j) = -2989*j + 1587098. Calculate t(531).
-61
Let s(n) = -40*n**2 - 38*n + 127577. Determine s(56).
9
Let a(p) = p**3 - 40*p**2 - 165*p - 425. Calculate a(44).
59
Let k(d) = 2*d**3 - 104*d**2 + 218*d - 23428. What is k(54)?
8
Let r(p) = 5*p**3 + 64*p**2 - 35*p - 321. Calculate r(-13).
-35
Let t(h) = -5*h**2 - 292*h - 768. Calculate t(-55).
167
Let m(a) = -3063*a - 269506. Determine m(-88).
38
Let y(j) = -151*j**3 + 23*j**2 + 11*j - 106. Determine y(2).
-1200
Let o(x) = -3*x**2 - 6027*x - 42198. Calculate o(-7).
-156
Let d(w) = -w**3 + 37*w**2 - 283*w - 130. Give d(16).
718
Let y(m) = 55*m - 7251. What is y(130)?
-101
Let v(g) = 5*g**3 - 80*g**2 - 10*g + 104. Calculate v(16).
-56
Let w(p) = -556*p + 5027. Give w(9).
23
Let a(x) = 52*x**2 + 1399*x + 6518. What is a(-6)?
-4
Let n(z) = z**2 - 5342*z + 69279. Determine n(13).
2
Let q(c) = -2*c**2 + 4065*c - 147720. Calculate q(37).
-53
Let w(m) = -m**3 + 178*m**2 + 299*m - 21573. Calculate w(179).
-93
Let m(o) = -10*o**3 + 1392*o**2 - 214*o - 8884. Determine m(139).
12
Let x(c) = -18*c**3 - 10*c**2 + 19*c + 85. Determine x(-6).
3499
Let z(o) = 6*o**3 - 563*o**2 - 61*o - 3104. Give z(94).
-2
Let s(z) = -3176*z - 63897. What is s(-20)?
-377
Let j(s) = -49*s**2 - 183*s + 1542. Calculate j(4).
26
Let f(o) = 438*o**2 - 28*o + 20. Give f(1).
430
Let n(z) = -2*z**3 + 66*z**2 + 167*z - 75. Determine n(35).
870
Let q(t) = 172*t + 6110. What is q(-29)?
1122
Let q(f) = f**3 - 3*f**2 - 18*f - 108. Determine q(-4).
-148
Let q(i) = i**3 + 132*i**2 + 352*i - 4925. What is q(-129)?
-410
Let b(y) = 15*y**2 + 69*y + 104. What is b(-3)?
32
Let v(t) = -318*t**3 - 12720*t**2 + 2*t + 91. Determine v(-40).
11
Let x(o) = -85*o**2 + 868*o - 155. Determine x(10).
25
Let p(f) = -2*f**2 - 91*f + 7. Give p(-39).
514
Let c(s) = 74192*s - 1928976. Give c(26).
16
Let y(t) = t**3 + 28*t**2 - 106*t - 1324. Determine y(-11).
1899
Let c(v) = -v**3 - 6*v**2 - 3*v - 192. Determine c(-9).
78
Let m(j) = 15*j**2 + 242*j + 763. Determine m(-9).
-200
Let u(r) = -3*r**3 + 662*r**2 + 1324*r - 16. Determine u(-2).
8
Let i(k) = k**2 + 68*k + 580. What is i(-21)?
-407
Let a(u) = 2276*u + 735148. Calculate a(-323).
0
Let u(q) = q**3 - 31*q**2 - 428*q + 10731. Calculate u(33).
-1215
Let h(n) = 3*n**3 + 10*n**2 - 400*n + 1521. Give h(4).
273
Let q(w) = -1677*w + 13355. What is q(8)?
-61
Let f(l) = 46*l**2 + 6678*l + 1129. Determine f(-145).
-31
Let c(y) = 1115*y + 544142. Determine c(-488).
22
Let o(l) = l**2 + 1232*l - 6239. What is o(5)?
-54
Let f(g) = 12*g**3 - 1692*g**2 + 9723*g - 408. Calculate f(135).
-3
Let n(c) = -c**3 + 72*c**2 - 652*c + 35843. Calculate n(70).
3
Let l(h) = h**3 - 75*h**2 - 493*h + 979. Give l(81).
412
Let z(a) = 429*a + 1919. Give z(-4).
203
Let o(a) = a**2 + 251*a + 14546. Give o(-141).
-964
Let j(c) = -11*c**3 + 1634*c**2 + 733*c + 1800. Give j(149).
12
Let z(s) = -124094*s + 744738. What is z(6)?
174
Let u(v) = -2*v**3 - 15*v**2 - 3761*v - 7464. Calculate u(-2).
14
Let l(g) = -3140571*g - 37686854. Determine l(-12).
-2
Let c(w) = 7*w**3 - 5*w**2 + 8*w - 75. What is c(5)?
715
Let a(b) = 11*b**3 - 389*b**2 + 3078*b - 1434. Calculate a(11).
-4
Let n(b) = 3*b**2 - 1654*b + 42455. Give n(27).
-16
Let p(j) = -23*j**3 + 25*j**2 - 359*j - 384. Determine p(-1).
23
Let j(l) = -148*l**3 + 4724*l**2 + 385*l - 25. Determine j(32).
7
Let b(a) = a**3 + 12*a**2 + 49*a + 53. Determine b(-5).
-17
Let d(b) = -803594*b + 20893465. What is d(26)?
21
Let o(y) = -y**2 - 168*y + 16153. Calculate o(68).
105
Let m(j) = -2*j**3 - 16*j**2 + 157*j + 784. Give m(-7).
-413
Let b(k) = -632466*k - 37947961. What is b(-60)?
-1
Let h(m) = m**2 + 1356*m - 39956. Give h(29).
209
Let d(b) = 4*b**3 + 8*b**2 - 1349*b - 6445. Determine d(-5).
0
Let l(q) = -1035*q - 574239. What is l(-555)?
186
Let m(z) = 129*z**2 - 22*z + 146. Calculate m(6).
4658
Let z(n) = -69217*n + 484513. What is z(7)?
-6
Let t(k) = -49*k - 1400. What is t(-32)?
168
Let r(d) = -2*d**3 + 881*d**2 + 1295*d + 13709. Calculate r(442).
7
Let n(w) = -w**3 + 274*w**2 - 15851*w - 456. Determine n(191).
-74
Let g(u) = -2052*u - 157. Give g(1).
-2209
Let t(o) = -o**2 + 189*o + 10126. Give t(-43).
150
Let w(l) = -12*l**2 - 6*l + 38. Determine w(-2).
2
Let x(z) = -114072*z - 41065924. Give x(-360).
-4
Let x(k) = 10526*k - 253511. What is x(24)?
-887
Let n(o) = 7*o**2 + 23783*o - 1255648. Calculate n(52).
-4
Let g(y) = 19*y**3 - 129*y**2 + 23*y - 7. Calculate g(5).
-742
Let c(l) = 1287608*l - 7725648. What is c(6)?
0
Let a(g) = 3*g**2 - 7436*g + 1818039. Calculate a(275).
14
Let y(m) = 4712*m + 485393. What is y(-103)?
57
Let v(a) = -2*a**2 - 403*a + 29659. Determine v(57).
190
Let r(h) = 2*h**3 + 556*h**2 - 532*h + 2534. Determine r(-279).
-4720
Let h(i) = 519*i**2 - 2048*i + 2061. Determine h(1).
532
Let k(f) = 46*f**3 + 28*f**2 + 17*f - 12. Give k(-3).
-1053
Let r(l) = 8*l**3 + 173*l**2 + 88*l + 271. Determine r(-21).
628
Let o(g) = g**2 + 327*g - 433. What is o(0)?
-433
Let f(x) = 17*x**2 + 93*x - 3557. Give f(10).
-927
Let c(p) = -153*p + 10353. Give c(75).
-1122
Let u(f) = 2*f**3 + 152*f**2 + 578*f + 142. Calculate u(-72).
-2
Let h(z) = -z**3 - 91*z**2 - 2065*z - 3627. Calculate h(-54).
-9
Let g(d) = -3*d**3 + 68*d**2 + 744*d - 16634. Calculate g(23).
-51
Let u(z) = 29517*z + 737930. Determine u(-25).
5
Let v(s) = s**2 - 1076*s - 13107. What is v(-12)?
-51
Let m(j) = j**3 - 5*j**2 - 17*j + 97. Calculate m(5).
12
Let d(p) = 1646*p + 233596. Determine d(-142).
-136
Let b(u) = 13004*u - 4941537. Calculate b(380).
-17
Let b(j) = -359*j - 2081. What is b(-6)?
73
Let q(c) = c**3 + 43*c**2 - 125*c - 1023. Give q(6).
-9
Let m(r) = -89*r - 2262. What is m(-38)?
1120
Let m(g) = 42*g**2 + 232*g - 15. What is m(-4)?
-271
Let v(x) = -60626*x - 181547. Determine v(-3).
331
Let o(y) = -y**2 + 121*y + 7321. Give o(177).
-2591
Let k(u) = 4077*u + 22572. Calculate k(-6).
-1890
Let p(t) = 8*t**2 + 2167*t + 14504. What is p(-264)?
-16
Let l(n) = 35298*n + 70592. Calculate l(-2).
-4
Let x(z) = z**3 - 111*z**2 + 1275*z - 15. What is x(98)?
83
Let w(s) = -s**3 + 11*s**2 - 81*s + 400. Calculate w(6).
94
Let o(v) = -4*v**3 - 563*v**2 + 708*v - 296. Calculate o(-142).
-12
Let l(d) = -d**3 - 104*d**2 + 199*d - 223. Determine l(-106).
1155
Let u(q) = -907*q**2 - 7584*q - 2628. What is u(-8)?
-4
Let l(d) = 25*d**3 + 279*d**2 + 18*d - 270. What is l(-11)?
16
Let h(w) = -2*w**3 - 64*w**2 - 220*w - 5784. What is h(-31)?
-886
Let d(f) = f**3 + 162*f**2 - 2247*f + 13. Determine d(13).
377
Let r(s) = s**2 + 1620*s + 28553. Determine r(-18).
-283
Let d(o) = 805*o**2 - 11344*o + 1087. Calculate d(14).
51
Let d(v) = -2*v**3 + 9*v**2 + 121*v - 817. Calculate d(7).
-215
Let u(b) = 1268*b**2 - 12672*b - 86. Determine u(10).
-6
Let x(d) = -42*d**2 - 16599*d - 3426. What is x(-395)?
129
Let x(i) = -i**2 + 14045*i - 532272. Determine x(38).
-6
Let f(k) = 17*k**2 + 2154*k - 4302. Determine f(2).
74
Let k(t) = -299*t - 61600. Calculate k(-206).
-6
Let o(c) = -c**3 - 227*c**2 - 376*c - 33898. Give o(-226).
2
Let l(t) = -115*t**2 - 4251*t - 70. Give l(-37).
-218
Let r(u) = -384*u**2 - 13834*u + 28809. Determine r(-38).
5
Let g(j) = 13*j**2 - 350*j + 282. What is g(26)?
-30
Let n(d) = -d**3 - 26*d**2 - 19*d - 467. Determine n(-25).
-617
Let x(w) = 34*w**3 + 169*w**2 - 29*w - 154. Give x(-5).
-34
Let t(q) = q**2 + 42364*q - 593284. What is t(14)?
8
Let k(l) = l**3 + 306*l**2 + 4914*l + 662. What is k(-289)?
373
Let s(h) = -h**3 - 2467*h**2 - 14752*h + 37. What is s(-6)?
-47
Let l(n) = -1255*n + 2088289. What is l(1664)?
-31
Let k(i) = 6*i**2 + 25*i + 324. What is k(8)?
908
Let u(q) = -140072*q + 140074. Give u(1).
2
Let d(v) = -505*v**2 - 1548*v - 112. What is d(-3)?
-13
Let v(a) = -53*a**2 + 701*a + 43. Give v(13).
199
Let w(v) = -123*v**2 + 361*v + 1450. Calculate w(-4).
-1962
Let z(t) = -66*t**2 - 2238*t + 56. Calculate z(-34).
-148
Let d(r) = 10*r**2 + 357*r - 2157. Determine d(-41).
16
Let s(b) = 31*b**2 - 43*b - 17251. Calculate s(-23).
137
Let r(h) = -60295*h - 12119300. Give r(-201).
-5
Let v(b) = 2*b**3 - 186*b**2 + 3225*b - 361. Calculate v(70).
-11
L